{"id":460,"date":"2023-08-13T15:33:32","date_gmt":"2023-08-13T13:33:32","guid":{"rendered":"https:\/\/warzycki.pl\/blog\/?page_id=460"},"modified":"2024-01-15T12:01:04","modified_gmt":"2024-01-15T11:01:04","slug":"jak-adwokat-od-spraw-karnych-moze-pomoc","status":"publish","type":"page","link":"https:\/\/warzycki.pl\/blog\/jak-adwokat-od-spraw-karnych-moze-pomoc\/","title":{"rendered":"Jak adwokat od spraw karnych mo\u017ce pom\u00f3c?"},"content":{"rendered":"\n<p class=\"wp-block-paragraph\"><strong>Dlaczego warto uda\u0107 si\u0119 po pomoc do adwokata od prawa karnego w Toruniu<\/strong>?<\/p>\n\n\n\n<p class=\"wp-block-paragraph\">Je\u015bli potrzebujesz wsparcia prawnego w&nbsp;<strong><a href=\"https:\/\/warzycki.pl\/prawo-karne\" target=\"_blank\" rel=\"noreferrer noopener\">sprawach karnych w Toruniu<\/a><\/strong>, jestem tu, aby Ci pom\u00f3c. Mam do\u015bwiadczenie w reprezentowaniu klient\u00f3w w r\u00f3\u017cnego rodzaju sprawach karnych i jestem gotowy, aby broni\u0107 Twoich praw przed s\u0105dem ka\u017cdej instancji.<\/p>\n\n\n\n<figure class=\"wp-block-image size-full\"><img loading=\"lazy\" decoding=\"async\" width=\"1000\" height=\"666\" src=\"https:\/\/warzycki.pl\/blog\/wp-content\/uploads\/2023\/09\/adwokat-w-toruniu.jpg\" alt=\"widok na kancelari\u0119 adwokack\u0105 w Toruniu\" class=\"wp-image-462\" srcset=\"https:\/\/warzycki.pl\/blog\/wp-content\/uploads\/2023\/09\/adwokat-w-toruniu.jpg 1000w, https:\/\/warzycki.pl\/blog\/wp-content\/uploads\/2023\/09\/adwokat-w-toruniu-300x200.jpg 300w, https:\/\/warzycki.pl\/blog\/wp-content\/uploads\/2023\/09\/adwokat-w-toruniu-270x180.jpg 270w, https:\/\/warzycki.pl\/blog\/wp-content\/uploads\/2023\/09\/adwokat-w-toruniu-370x245.jpg 370w\" sizes=\"auto, (max-width: 1000px) 100vw, 1000px\" \/><\/figure>\n\n\n\n<p class=\"wp-block-paragraph\"><strong>Post\u0119powania karne o przest\u0119pstwa<\/strong><\/p>\n\n\n\n<p class=\"wp-block-paragraph\">Jako adwokat w codziennej pracy skupiam si\u0119 na obronie Klient\u00f3w oskar\u017conych o przest\u0119pstwa w<strong>&nbsp;trakcie proces\u00f3w karnych.&nbsp;<\/strong>Sprawami zajmuj\u0119 si\u0119 kompleksowo \u2013 przygotowuj\u0119&nbsp;<strong>strategi\u0119 obrony<\/strong>, analizuj\u0119 dowody i reprezentuj\u0119 Ci\u0119 przed s\u0105dem, prokuratur\u0105 i policj\u0105.<\/p>\n\n\n\n<p class=\"wp-block-paragraph\"><strong>Obrona w sprawach narkotykowych i o przest\u0119pstwa gospodarcze<\/strong><\/p>\n\n\n\n<p class=\"wp-block-paragraph\">W mojej praktyce zajmuj\u0119 si\u0119 tak\u017ce obron\u0105 w sprawach zwi\u0105zanych z&nbsp;<strong>posiadaniem narkotyk\u00f3w czy przest\u0119pstwami gospodarczymi<\/strong>. Rozumiem specyfik\u0119 tych przypadk\u00f3w i jestem got\u00f3w podj\u0105\u0107 si\u0119 ochrony Twoich praw i interes\u00f3w.<\/p>\n\n\n\n<p class=\"wp-block-paragraph\">Moja kancelaria specjalizuje si\u0119 w obronie klient\u00f3w w sprawach karnych, m.in. takich jak:<\/p>\n\n\n\n<h2 class=\"wp-block-heading\"><strong>1. Jazda po alkoholu:<\/strong><\/h2>\n\n\n\n<p class=\"wp-block-paragraph\">Je\u015bli zosta\u0142e\u015b oskar\u017cony o kierowanie pojazdem w stanie nietrze\u017awo\u015bci, w post\u0119powaniu karnym mo\u017cesz ubiega\u0107 si\u0119 o naj\u0142agodniejsz\u0105 kar\u0119 i minimalny okres zakazu prowadzenia pojazd\u00f3w, a by\u0107 mo\u017ce o warunkowe umorzenie post\u0119powania i nawet brak zakazu.<\/p>\n\n\n\n<h2 class=\"wp-block-heading\"><strong>2. Posiadanie narkotyk\u00f3w:<\/strong><\/h2>\n\n\n\n<p class=\"wp-block-paragraph\">Je\u015bli zosta\u0142e\u015b oskar\u017cony \/ oskar\u017cona o posiadanie narkotyk\u00f3w, warto skonsultowa\u0107 si\u0119 z prawnikiem. Sprawy zwi\u0105zane z narkotykami s\u0105 w wielu przypadkach bardzo zawi\u0142e i mog\u0105 wi\u0105za\u0107 si\u0119 z powa\u017cnymi konsekwencjami.&nbsp;<strong><a href=\"https:\/\/warzycki.pl\/prawo-karne\" target=\"_blank\" rel=\"noreferrer noopener\">Do\u015bwiadczenie w obronie os\u00f3b oskar\u017conych<\/a><\/strong><a href=\"https:\/\/warzycki.pl\/prawo-karne\" target=\"_blank\" rel=\"noreferrer noopener\">&nbsp;<\/a>pozwala mi na analiz\u0119 dowod\u00f3w i opracowanie strategii obro\u0144czej, co pomaga podczas rozprawy s\u0105dowej lub umo\u017cliwia korzystne dobrowolne poddanie si\u0119 karze wynegocjowanej z prokuratorem.<\/p>\n\n\n\n<h2 class=\"wp-block-heading\"><strong>3. Inne sprawy karne<\/strong><\/h2>\n\n\n\n<p class=\"wp-block-paragraph\">Niezale\u017cnie od tego, jakie zarzuty zosta\u0142y przedstawione, jestem got\u00f3w, aby wesprze\u0107 Ci\u0119 na ka\u017cdym etapie post\u0119powania karnego &#8211; przygotowawczego czy s\u0105dowego. Wiedza, do\u015bwiadczenie i zaanga\u017cowanie przydaj\u0105 si\u0119 do skutecznej obrony w sprawach o r\u00f3\u017cnorakie przest\u0119pstwa obj\u0119te&nbsp;<strong>Kodeksem Karnym<\/strong>.<\/p>\n\n\n\n<p class=\"wp-block-paragraph\"><strong>Skontaktuj Si\u0119 Ze Mn\u0105<\/strong><\/p>\n\n\n\n<p class=\"wp-block-paragraph\">Je\u015bli znalaz\u0142e\u015b si\u0119 w trudnej sytuacji prawnej, zosta\u0142e\u015b zatrzymany (lub bliska Tobie osoba) i masz\u00a0<strong>status podejrzanego<\/strong>\u00a0\u2013 nie zwlekaj z kontaktem. Skontaktuj si\u0119 ze mn\u0105 telefonicznie lub na miejscu w mojej\u00a0<a href=\"https:\/\/warzycki.pl\/kontakt\" target=\"_blank\" rel=\"noreferrer noopener\">Kancelarii adwokackiej w Toruniu<\/a>, aby om\u00f3wi\u0107 swoje po\u0142o\u017cenie i podj\u0105\u0107 obron\u0119. Poszanowanie dla Twoich praw i interes\u00f3w w procesie karnym jest dla mnie priorytetem.<\/p>\n","protected":false},"excerpt":{"rendered":"<p>Dlaczego warto uda\u0107 si\u0119 po pomoc do adwokata od prawa karnego w Toruniu? Je\u015bli potrzebujesz wsparcia prawnego w&nbsp;sprawach karnych w Toruniu, jestem tu, aby Ci pom\u00f3c. Mam do\u015bwiadczenie w reprezentowaniu klient\u00f3w w r\u00f3\u017cnego rodzaju sprawach karnych i jestem gotowy, aby broni\u0107 Twoich praw przed s\u0105dem ka\u017cdej instancji. Post\u0119powania karne o przest\u0119pstwa Jako adwokat w codziennej<\/p>\n","protected":false},"author":1,"featured_media":0,"parent":0,"menu_order":0,"comment_status":"closed","ping_status":"closed","template":"","meta":{"footnotes":""},"class_list":["post-460","page","type-page","status-publish"],"_links":{"self":[{"href":"https:\/\/warzycki.pl\/blog\/wp-json\/wp\/v2\/pages\/460","targetHints":{"allow":["GET"]}}],"collection":[{"href":"https:\/\/warzycki.pl\/blog\/wp-json\/wp\/v2\/pages"}],"about":[{"href":"https:\/\/warzycki.pl\/blog\/wp-json\/wp\/v2\/types\/page"}],"author":[{"embeddable":true,"href":"https:\/\/warzycki.pl\/blog\/wp-json\/wp\/v2\/users\/1"}],"replies":[{"embeddable":true,"href":"https:\/\/warzycki.pl\/blog\/wp-json\/wp\/v2\/comments?post=460"}],"version-history":[{"count":7,"href":"https:\/\/warzycki.pl\/blog\/wp-json\/wp\/v2\/pages\/460\/revisions"}],"predecessor-version":[{"id":475,"href":"https:\/\/warzycki.pl\/blog\/wp-json\/wp\/v2\/pages\/460\/revisions\/475"}],"wp:attachment":[{"href":"https:\/\/warzycki.pl\/blog\/wp-json\/wp\/v2\/media?parent=460"}],"curies":[{"name":"wp","href":"https:\/\/api.w.org\/{rel}","templated":true}]}}

Jak adwokat od spraw karnych może pomóc?

<p class="wp-block-paragraph"><strong>Dlaczego warto udać się po pomoc do adwokata od prawa karnego w Toruniu</strong>?</p>



<p class="wp-block-paragraph">Jeśli potrzebujesz wsparcia prawnego w&nbsp;<strong><a href="https://warzycki.pl/prawo-karne" target="_blank" rel="noreferrer noopener">sprawach karnych w Toruniu</a></strong>, jestem tu, aby Ci pomóc. Mam doświadczenie w reprezentowaniu klientów w różnego rodzaju sprawach karnych i jestem gotowy, aby bronić Twoich praw przed sądem każdej instancji.</p>



<figure class="wp-block-image size-full"><img loading="lazy" decoding="async" width="1000" height="666" src="https://warzycki.pl/blog/wp-content/uploads/2023/09/adwokat-w-toruniu.jpg" alt="widok na kancelarię adwokacką w Toruniu" class="wp-image-462" srcset="https://warzycki.pl/blog/wp-content/uploads/2023/09/adwokat-w-toruniu.jpg 1000w, https://warzycki.pl/blog/wp-content/uploads/2023/09/adwokat-w-toruniu-300x200.jpg 300w, https://warzycki.pl/blog/wp-content/uploads/2023/09/adwokat-w-toruniu-270x180.jpg 270w, https://warzycki.pl/blog/wp-content/uploads/2023/09/adwokat-w-toruniu-370x245.jpg 370w" sizes="auto, (max-width: 1000px) 100vw, 1000px" /></figure>



<p class="wp-block-paragraph"><strong>Postępowania karne o przestępstwa</strong></p>



<p class="wp-block-paragraph">Jako adwokat w codziennej pracy skupiam się na obronie Klientów oskarżonych o przestępstwa w<strong>&nbsp;trakcie procesów karnych.&nbsp;</strong>Sprawami zajmuję się kompleksowo – przygotowuję&nbsp;<strong>strategię obrony</strong>, analizuję dowody i reprezentuję Cię przed sądem, prokuraturą i policją.</p>



<p class="wp-block-paragraph"><strong>Obrona w sprawach narkotykowych i o przestępstwa gospodarcze</strong></p>



<p class="wp-block-paragraph">W mojej praktyce zajmuję się także obroną w sprawach związanych z&nbsp;<strong>posiadaniem narkotyków czy przestępstwami gospodarczymi</strong>. Rozumiem specyfikę tych przypadków i jestem gotów podjąć się ochrony Twoich praw i interesów.</p>



<p class="wp-block-paragraph">Moja kancelaria specjalizuje się w obronie klientów w sprawach karnych, m.in. takich jak:</p>



<h2 class="wp-block-heading"><strong>1. Jazda po alkoholu:</strong></h2>



<p class="wp-block-paragraph">Jeśli zostałeś oskarżony o kierowanie pojazdem w stanie nietrzeźwości, w postępowaniu karnym możesz ubiegać się o najłagodniejszą karę i minimalny okres zakazu prowadzenia pojazdów, a być może o warunkowe umorzenie postępowania i nawet brak zakazu.</p>



<h2 class="wp-block-heading"><strong>2. Posiadanie narkotyków:</strong></h2>



<p class="wp-block-paragraph">Jeśli zostałeś oskarżony / oskarżona o posiadanie narkotyków, warto skonsultować się z prawnikiem. Sprawy związane z narkotykami są w wielu przypadkach bardzo zawiłe i mogą wiązać się z poważnymi konsekwencjami.&nbsp;<strong><a href="https://warzycki.pl/prawo-karne" target="_blank" rel="noreferrer noopener">Doświadczenie w obronie osób oskarżonych</a></strong><a href="https://warzycki.pl/prawo-karne" target="_blank" rel="noreferrer noopener">&nbsp;</a>pozwala mi na analizę dowodów i opracowanie strategii obrończej, co pomaga podczas rozprawy sądowej lub umożliwia korzystne dobrowolne poddanie się karze wynegocjowanej z prokuratorem.</p>



<h2 class="wp-block-heading"><strong>3. Inne sprawy karne</strong></h2>



<p class="wp-block-paragraph">Niezależnie od tego, jakie zarzuty zostały przedstawione, jestem gotów, aby wesprzeć Cię na każdym etapie postępowania karnego &#8211; przygotowawczego czy sądowego. Wiedza, doświadczenie i zaangażowanie przydają się do skutecznej obrony w sprawach o różnorakie przestępstwa objęte&nbsp;<strong>Kodeksem Karnym</strong>.</p>



<p class="wp-block-paragraph"><strong>Skontaktuj Się Ze Mną</strong></p>



<p class="wp-block-paragraph">Jeśli znalazłeś się w trudnej sytuacji prawnej, zostałeś zatrzymany (lub bliska Tobie osoba) i masz <strong>status podejrzanego</strong> – nie zwlekaj z kontaktem. Skontaktuj się ze mną telefonicznie lub na miejscu w mojej <a href="https://warzycki.pl/kontakt" target="_blank" rel="noreferrer noopener">Kancelarii adwokackiej w Toruniu</a>, aby omówić swoje położenie i podjąć obronę. Poszanowanie dla Twoich praw i interesów w procesie karnym jest dla mnie priorytetem.</p>

<p>Dlaczego warto udać się po pomoc do adwokata od prawa karnego w Toruniu? Jeśli potrzebujesz wsparcia prawnego w&nbsp;sprawach karnych w Toruniu, jestem tu, aby Ci pomóc. Mam doświadczenie w reprezentowaniu klientów w różnego rodzaju sprawach karnych i jestem gotowy, aby bronić Twoich praw przed sądem każdej instancji. Postępowania karne o przestępstwa Jako adwokat w codziennej</p>
